[INFO] cloning repository https://github.com/hashprotocol/zksync
[INFO] running `Command { std: "git" "-c" "credential.helper=" "-c" "credential.helper=/workspace/cargo-home/bin/git-credential-null" "clone" "--bare" "https://github.com/hashprotocol/zksync" "/workspace/cache/git-repos/https%3A%2F%2Fgithub.com%2Fhashprotocol%2Fzksync", kill_on_drop: false }`
[INFO] [stderr] Cloning into bare repository '/workspace/cache/git-repos/https%3A%2F%2Fgithub.com%2Fhashprotocol%2Fzksync'...
[INFO] running `Command { std: "git" "rev-parse" "HEAD", kill_on_drop: false }`
[INFO] [stdout] b55ab5a7ec1fddd6c236980a54bc59babbe0076e
[INFO] checking hashprotocol/zksync against master#9610dfe5a9a731ced1ea4923ecbd0c57fe367898 for beta-170-4
[INFO] running `Command { std: "git" "clone" "/workspace/cache/git-repos/https%3A%2F%2Fgithub.com%2Fhashprotocol%2Fzksync" "/workspace/builds/worker-2-tc1/source", kill_on_drop: false }`
[INFO] [stderr] Cloning into '/workspace/builds/worker-2-tc1/source'...
[INFO] [stderr] done.
[INFO] validating manifest of git repo https://github.com/hashprotocol/zksync on toolchain 9610dfe5a9a731ced1ea4923ecbd0c57fe367898
[INFO] running `Command { std: CARGO_HOME="/workspace/cargo-home" RUSTUP_HOME="/workspace/rustup-home" "/workspace/cargo-home/bin/cargo" "+9610dfe5a9a731ced1ea4923ecbd0c57fe367898" "metadata" "--manifest-path" "Cargo.toml" "--no-deps", kill_on_drop: false }`
[INFO] started tweaking git repo https://github.com/hashprotocol/zksync
[INFO] finished tweaking git repo https://github.com/hashprotocol/zksync
[INFO] tweaked toml for git repo https://github.com/hashprotocol/zksync written to /workspace/builds/worker-2-tc1/source/Cargo.toml
[INFO] crate git repo https://github.com/hashprotocol/zksync already has a lockfile, it will not be regenerated
[INFO] running `Command { std: CARGO_HOME="/workspace/cargo-home" RUSTUP_HOME="/workspace/rustup-home" "/workspace/cargo-home/bin/cargo" "+9610dfe5a9a731ced1ea4923ecbd0c57fe367898" "fetch" "--manifest-path" "Cargo.toml", kill_on_drop: false }`
[INFO] [stderr]     Updating git repository `https://github.com/matter-labs/franklin-crypto.git`
[INFO] [stderr]     Updating git repository `https://github.com/matter-labs/recursive_aggregation_circuit.git`
[INFO] [stderr]     Updating git repository `https://github.com/matter-labs/rescue-poseidon.git`
[INFO] [stderr]     Updating crates.io index
[INFO] [stderr]     Updating git repository `https://github.com/matter-labs/bellman`
[INFO] [stderr]     Updating git repository `https://github.com/StanislavBreadless/MACs`
[INFO] [stderr]     Updating git repository `https://github.com/shamatar/poseidon_hash.git`
[INFO] [stderr]     Updating git repository `https://github.com/RustCrypto/traits`
[INFO] [stderr]  Downloading crates ...
[INFO] [stderr]   Downloaded sentry-contexts v0.23.0
[INFO] [stderr]   Downloaded ff_derive_ce v0.9.3
[INFO] [stderr]   Downloaded parity-crypto v0.8.0
[INFO] [stderr]   Downloaded sqlx-macros v0.5.9
[INFO] [stderr]   Downloaded metrics-macros v0.4.0
[INFO] [stderr]   Downloaded sentry-types v0.23.0
[INFO] [stderr]   Downloaded sqlx v0.5.9
[INFO] [stderr]   Downloaded actix-cors v0.6.0-beta.3
[INFO] [stderr]   Downloaded metrics-util v0.10.1
[INFO] [stderr]   Downloaded sentry-backtrace v0.23.0
[INFO] [stderr]   Downloaded sentry-core v0.23.0
[INFO] [stderr]   Downloaded web3 v0.16.0
[INFO] [stderr]   Downloaded sentry v0.23.0
[INFO] [stderr]   Downloaded sqlx-core v0.5.9
[INFO] [stderr]   Downloaded ff_ce v0.12.0
[INFO] [stderr]   Downloaded splitmut v0.2.1
[INFO] [stderr]   Downloaded actix-http-test v3.0.0-beta.5
[INFO] [stderr]   Downloaded actix-test v0.1.0-beta.5
[INFO] [stderr]   Downloaded actix-web-actors v4.0.0-beta.6
[INFO] [stderr]   Downloaded aes-ctr v0.6.0
[INFO] [stderr]   Downloaded mathru v0.6.10
[INFO] [stderr]   Downloaded pairing_ce v0.24.2
[INFO] [stderr]   Downloaded atomic-shim v0.1.0
[INFO] [stderr]   Downloaded whoami v1.2.0
[INFO] [stderr]   Downloaded sqlx-rt v0.5.9
[INFO] [stderr]   Downloaded actix-codec v0.4.1
[INFO] [stderr]   Downloaded debugid v0.7.2
[INFO] [stderr]   Downloaded sentry-panic v0.23.0
[INFO] [stderr]   Downloaded blake2-rfc_bellman_edition v0.0.1
[INFO] [stderr]   Downloaded actix-web-httpauth v0.6.0-beta.3
[INFO] [stderr]   Downloaded metrics v0.17.0
[INFO] running `Command { std: "docker" "create" "-v" "/var/lib/crater-agent-workspace/builds/worker-2-tc1/target:/opt/rustwide/target:rw,Z" "-v" "/var/lib/crater-agent-workspace/builds/worker-2-tc1/source:/opt/rustwide/workdir:ro,Z" "-v" "/var/lib/crater-agent-workspace/cargo-home:/opt/rustwide/cargo-home:ro,Z" "-v" "/var/lib/crater-agent-workspace/rustup-home:/opt/rustwide/rustup-home:ro,Z" "-e" "SOURCE_DIR=/opt/rustwide/workdir" "-e" "CARGO_TARGET_DIR=/opt/rustwide/target" "-e" "CARGO_HOME=/opt/rustwide/cargo-home" "-e" "RUSTUP_HOME=/opt/rustwide/rustup-home" "-w" "/opt/rustwide/workdir" "-m" "1610612736" "--user" "0:0" "--network" "none" "ghcr.io/rust-lang/crates-build-env/linux@sha256:19e73879b68f455e41552ea35293514db52ea292d993f571636dbffedb77a1ee" "/opt/rustwide/cargo-home/bin/cargo" "+9610dfe5a9a731ced1ea4923ecbd0c57fe367898" "metadata" "--no-deps" "--format-version=1", kill_on_drop: false }`
[INFO] [stdout] e9fd7799ac1c470dc53179d4a0002342b09656580c49a99ed46bae3e8f2e4a59
[INFO] running `Command { std: "docker" "start" "-a" "e9fd7799ac1c470dc53179d4a0002342b09656580c49a99ed46bae3e8f2e4a59", kill_on_drop: false }`
[INFO] running `Command { std: "docker" "inspect" "e9fd7799ac1c470dc53179d4a0002342b09656580c49a99ed46bae3e8f2e4a59", kill_on_drop: false }`
[INFO] running `Command { std: "docker" "rm" "-f" "e9fd7799ac1c470dc53179d4a0002342b09656580c49a99ed46bae3e8f2e4a59", kill_on_drop: false }`
[INFO] [stdout] e9fd7799ac1c470dc53179d4a0002342b09656580c49a99ed46bae3e8f2e4a59
[INFO] running `Command { std: "docker" "create" "-v" "/var/lib/crater-agent-workspace/builds/worker-2-tc1/target:/opt/rustwide/target:rw,Z" "-v" "/var/lib/crater-agent-workspace/builds/worker-2-tc1/source:/opt/rustwide/workdir:ro,Z" "-v" "/var/lib/crater-agent-workspace/cargo-home:/opt/rustwide/cargo-home:ro,Z" "-v" "/var/lib/crater-agent-workspace/rustup-home:/opt/rustwide/rustup-home:ro,Z" "-e" "SOURCE_DIR=/opt/rustwide/workdir" "-e" "CARGO_TARGET_DIR=/opt/rustwide/target" "-e" "CARGO_INCREMENTAL=0" "-e" "RUST_BACKTRACE=full" "-e" "RUSTFLAGS=--cap-lints=forbid" "-e" "RUSTDOCFLAGS=--cap-lints=forbid" "-e" "CARGO_HOME=/opt/rustwide/cargo-home" "-e" "RUSTUP_HOME=/opt/rustwide/rustup-home" "-w" "/opt/rustwide/workdir" "-m" "1610612736" "--user" "0:0" "--network" "none" "ghcr.io/rust-lang/crates-build-env/linux@sha256:19e73879b68f455e41552ea35293514db52ea292d993f571636dbffedb77a1ee" "/opt/rustwide/cargo-home/bin/cargo" "+9610dfe5a9a731ced1ea4923ecbd0c57fe367898" "check" "--frozen" "--all" "--all-targets" "--message-format=json", kill_on_drop: false }`
[INFO] [stdout] 0a0cad44a44b9e163e73ecf4cb4e0b10abe834fec3a3e960f2e2c2a1c5080b40
[INFO] running `Command { std: "docker" "start" "-a" "0a0cad44a44b9e163e73ecf4cb4e0b10abe834fec3a3e960f2e2c2a1c5080b40", kill_on_drop: false }`
[INFO] [stderr]    Compiling libc v0.2.107
[INFO] [stderr]    Compiling autocfg v1.0.1
[INFO] [stderr]    Compiling proc-macro2 v1.0.32
[INFO] [stderr]    Compiling syn v1.0.81
[INFO] [stderr]    Compiling unicode-xid v0.2.2
[INFO] [stderr]     Checking cfg-if v1.0.0
[INFO] [stderr]    Compiling version_check v0.9.3
[INFO] [stderr]    Compiling serde_derive v1.0.130
[INFO] [stderr]    Compiling serde v1.0.130
[INFO] [stderr]    Compiling memchr v2.4.1
[INFO] [stderr]    Compiling log v0.4.14
[INFO] [stderr]     Checking once_cell v1.8.0
[INFO] [stderr]    Compiling typenum v1.14.0
[INFO] [stderr]     Checking lazy_static v1.4.0
[INFO] [stderr]     Checking scopeguard v1.1.0
[INFO] [stderr]    Compiling futures-core v0.3.17
[INFO] [stderr]     Checking pin-project-lite v0.2.7
[INFO] [stderr]     Checking bytes v1.1.0
[INFO] [stderr]    Compiling parking_lot_core v0.8.5
[INFO] [stderr]    Compiling proc-macro-hack v0.5.19
[INFO] [stderr]    Compiling libm v0.2.1
[INFO] [stderr]     Checking itoa v0.4.8
[INFO] [stderr]     Checking futures v0.1.31
[INFO] [stderr]     Checking smallvec v1.7.0
[INFO] [stderr]    Compiling indexmap v1.7.0
[INFO] [stderr]    Compiling ahash v0.7.6
[INFO] [stderr]    Compiling generic-array v0.14.4
[INFO] [stderr]    Compiling num-traits v0.2.14
[INFO] [stderr]    Compiling ryu v1.0.5
[INFO] [stderr]    Compiling tokio v1.13.0
[INFO] [stderr]     Checking slab v0.4.5
[INFO] [stderr]     Checking instant v0.1.12
[INFO] [stderr]    Compiling proc-macro-nested v0.1.7
[INFO] [stderr]    Compiling futures-task v0.3.17
[INFO] [stderr]    Compiling futures-channel v0.3.17
[INFO] [stderr]    Compiling futures-macro v0.3.17
[INFO] [stderr]    Compiling futures-util v0.3.17
[INFO] [stderr]     Checking lock_api v0.4.5
[INFO] [stderr]     Checking futures-sink v0.3.17
[INFO] [stderr]     Checking futures-io v0.3.17
[INFO] [stderr]    Compiling quote v1.0.10
[INFO] [stderr]     Checking ppv-lite86 v0.2.15
[INFO] [stderr]     Checking bitflags v1.3.2
[INFO] [stderr]    Compiling serde_json v1.0.69
[INFO] [stderr]     Checking pin-utils v0.1.0
[INFO] [stderr]     Checking byteorder v1.4.3
[INFO] [stderr]    Compiling num-integer v0.1.44
[INFO] [stderr]     Checking fnv v1.0.7
[INFO] [stderr]     Checking matches v0.1.9
[INFO] [stderr]     Checking tinyvec_macros v0.1.0
[INFO] [stderr]     Checking opaque-debug v0.3.0
[INFO] [stderr]    Compiling pkg-config v0.3.22
[INFO] [stderr]     Checking unicode-bidi v0.3.7
[INFO] [stderr]     Checking tinyvec v1.5.0
[INFO] [stderr]     Checking percent-encoding v2.1.0
[INFO] [stderr]     Checking block-padding v0.2.1
[INFO] [stderr]    Compiling httparse v1.5.1
[INFO] [stderr]     Checking http v0.2.5
[INFO] [stderr]    Compiling openssl v0.10.38
[INFO] [stderr]     Checking form_urlencoded v1.0.1
[INFO] [stderr]     Checking tracing-core v0.1.21
[INFO] [stderr]    Compiling native-tls v0.2.8
[INFO] [stderr]     Checking cfg-if v0.1.10
[INFO] [stderr]     Checking base64 v0.13.0
[INFO] [stderr]     Checking regex-syntax v0.6.25
[INFO] [stderr]     Checking httpdate v1.0.1
[INFO] [stderr]    Compiling jobserver v0.1.24
[INFO] [stderr]     Checking getrandom v0.2.3
[INFO] [stderr]     Checking num_cpus v1.13.0
[INFO] [stderr]     Checking signal-hook-registry v1.4.0
[INFO] [stderr]     Checking mio v0.7.14
[INFO] [stderr]    Compiling cc v1.0.71
[INFO] [stderr]     Checking rand_core v0.6.3
[INFO] [stderr]    Compiling getrandom v0.1.16
[INFO] [stderr]     Checking parking_lot v0.11.2
[INFO] [stderr]     Checking aho-corasick v0.7.18
[INFO] [stderr]     Checking rand_chacha v0.3.1
[INFO] [stderr]     Checking hashbrown v0.11.2
[INFO] [stderr]     Checking cpufeatures v0.2.1
[INFO] [stderr]     Checking foreign-types-shared v0.1.1
[INFO] [stderr]    Compiling crossbeam-utils v0.8.5
[INFO] [stderr]     Checking hex v0.4.3
[INFO] [stderr]    Compiling crunchy v0.2.2
[INFO] [stderr]     Checking rand v0.8.4
[INFO] [stderr]     Checking foreign-types v0.3.2
[INFO] [stderr]    Compiling maybe-uninit v2.0.0
[INFO] [stderr]     Checking socket2 v0.4.2
[INFO] [stderr]     Checking digest v0.9.0
[INFO] [stderr]     Checking block-buffer v0.9.0
[INFO] [stderr]     Checking rand_core v0.4.2
[INFO] [stderr]     Checking unicode-normalization v0.1.19
[INFO] [stderr]    Compiling autocfg v0.1.7
[INFO] [stderr]     Checking rand_core v0.5.1
[INFO] [stderr]     Checking openssl-probe v0.1.4
[INFO] [stderr]    Compiling crossbeam-utils v0.7.2
[INFO] [stderr]     Checking time v0.1.43
[INFO] [stderr]     Checking rand_chacha v0.2.2
[INFO] [stderr]    Compiling encoding_rs v0.8.29
[INFO] [stderr]    Compiling num-bigint v0.3.3
[INFO] [stderr]     Checking rand v0.7.3
[INFO] [stderr]     Checking mime v0.3.16
[INFO] [stderr]     Checking static_assertions v1.1.0
[INFO] [stderr]     Checking rand_core v0.3.1
[INFO] [stderr]     Checking sha-1 v0.9.8
[INFO] [stderr]    Compiling miniz_oxide v0.4.4
[INFO] [stderr]    Compiling convert_case v0.4.0
[INFO] [stderr]    Compiling radium v0.6.2
[INFO] [stderr]     Checking adler v1.0.2
[INFO] [stderr]     Checking subtle v2.4.1
[INFO] [stderr]     Checking try-lock v0.2.3
[INFO] [stderr]     Checking want v0.3.0
[INFO] [stderr]    Compiling rand_chacha v0.1.1
[INFO] [stderr]    Compiling rand_pcg v0.1.2
[INFO] [stderr]    Compiling openssl-sys v0.9.70
[INFO] [stderr]     Checking http-body v0.4.4
[INFO] [stderr]     Checking arrayvec v0.5.2
[INFO] [stderr]     Checking rustc-hex v2.1.0
[INFO] [stderr]     Checking tower-service v0.3.1
[INFO] [stderr]     Checking rustc-serialize v0.3.24
[INFO] [stderr]    Compiling rand v0.6.5
[INFO] [stderr]     Checking generic-array v0.12.4
[INFO] [stderr]     Checking funty v1.1.0
[INFO] [stderr]    Compiling semver v1.0.4
[INFO] [stderr]     Checking tap v1.0.1
[INFO] [stderr]     Checking wyz v0.2.0
[INFO] [stderr]     Checking rlp v0.5.1
[INFO] [stderr]     Checking rand_isaac v0.1.1
[INFO] [stderr]     Checking rand_hc v0.1.0
[INFO] [stderr]     Checking rand_xorshift v0.1.1
[INFO] [stderr]     Checking rand_os v0.1.3
[INFO] [stderr]     Checking rand_jitter v0.1.4
[INFO] [stderr]    Compiling memoffset v0.6.4
[INFO] [stderr]     Checking byte-slice-cast v1.2.0
[INFO] [stderr]    Compiling tiny-keccak v2.0.2
[INFO] [stderr]     Checking arrayvec v0.7.2
[INFO] [stderr]     Checking regex v1.5.4
[INFO] [stderr]     Checking impl-rlp v0.3.0
[INFO] [stderr]     Checking idna v0.2.3
[INFO] [stderr]     Checking fixed-hash v0.7.0
[INFO] [stderr]    Compiling num-bigint v0.4.3
[INFO] [stderr]    Compiling anyhow v1.0.45
[INFO] [stderr]     Checking byte-tools v0.3.1
[INFO] [stderr]     Checking regex-automata v0.1.10
[INFO] [stderr]     Checking block-padding v0.1.5
[INFO] [stderr]     Checking bitvec v0.20.4
[INFO] [stderr]     Checking digest v0.8.1
[INFO] [stderr]     Checking uint v0.9.1
[INFO] [stderr]     Checking rand v0.4.6
[INFO] [stderr]    Compiling rustc_version v0.4.0
[INFO] [stderr]    Compiling memoffset v0.5.6
[INFO] [stderr]     Checking block-buffer v0.7.3
[INFO] [stderr]    Compiling crossbeam-epoch v0.8.2
[INFO] [stderr]    Compiling num-bigint v0.2.6
[INFO] [stderr]    Compiling crossbeam-epoch v0.9.5
[INFO] [stderr]     Checking opaque-debug v0.2.3
[INFO] [stderr]     Checking ipnet v2.3.1
[INFO] [stderr]     Checking constant_time_eq v0.1.5
[INFO] [stderr]     Checking keccak v0.1.0
[INFO] [stderr]     Checking fake-simd v0.1.2
[INFO] [stderr]    Compiling secp256k1-sys v0.4.1
[INFO] [stderr]     Checking crossbeam-channel v0.5.1
[INFO] [stderr]    Compiling num-complex v0.2.4
[INFO] [stderr]    Compiling arrayvec v0.4.12
[INFO] [stderr]     Checking sha3 v0.9.1
[INFO] [stderr]     Checking sha2 v0.9.8
[INFO] [stderr]     Checking cipher v0.2.5
[INFO] [stderr]    Compiling num-iter v0.1.42
[INFO] [stderr]     Checking nodrop v0.1.14
[INFO] [stderr]     Checking arrayref v0.3.6
[INFO] [stderr]     Checking crossbeam-deque v0.7.4
[INFO] [stderr]     Checking crossbeam-channel v0.4.4
[INFO] [stderr]     Checking crossbeam-queue v0.2.3
[INFO] [stderr]    Compiling backtrace v0.3.63
[INFO] [stderr]     Checking tiny-keccak v1.5.0
[INFO] [stdout] error: linking with `cc` failed: exit status: 1
[INFO] [stdout]   |
[INFO] [stdout]   = note: LC_ALL="C" PATH="/opt/rustwide/rustup-home/toolchains/9610dfe5a9a731ced1ea4923ecbd0c57fe367898/lib/rustlib/x86_64-unknown-linux-gnu/bin:/opt/rustwide/cargo-home/bin:/usr/local/sbin:/usr/local/bin:/usr/sbin:/usr/bin:/sbin:/bin" VSLANG="1033" "cc" "-m64" "/tmp/rustc7hCWUW/symbols.o" "/opt/rustwide/target/debug/build/num-complex-a2fb14226eee8a28/build_script_build-a2fb14226eee8a28.build_script_build.51e5bf83561adb31-cgu.0.rcgu.o" "/opt/rustwide/target/debug/build/num-complex-a2fb14226eee8a28/build_script_build-a2fb14226eee8a28.build_script_build.51e5bf83561adb31-cgu.1.rcgu.o" "/opt/rustwide/target/debug/build/num-complex-a2fb14226eee8a28/build_script_build-a2fb14226eee8a28.build_script_build.51e5bf83561adb31-cgu.10.rcgu.o" "/opt/rustwide/target/debug/build/num-complex-a2fb14226eee8a28/build_script_build-a2fb14226eee8a28.build_script_build.51e5bf83561adb31-cgu.2.rcgu.o" "/opt/rustwide/target/debug/build/num-complex-a2fb14226eee8a28/build_script_build-a2fb14226eee8a28.build_script_build.51e5bf83561adb31-cgu.3.rcgu.o" "/opt/rustwide/target/debug/build/num-complex-a2fb14226eee8a28/build_script_build-a2fb14226eee8a28.build_script_build.51e5bf83561adb31-cgu.4.rcgu.o" "/opt/rustwide/target/debug/build/num-complex-a2fb14226eee8a28/build_script_build-a2fb14226eee8a28.build_script_build.51e5bf83561adb31-cgu.5.rcgu.o" "/opt/rustwide/target/debug/build/num-complex-a2fb14226eee8a28/build_script_build-a2fb14226eee8a28.build_script_build.51e5bf83561adb31-cgu.6.rcgu.o" "/opt/rustwide/target/debug/build/num-complex-a2fb14226eee8a28/build_script_build-a2fb14226eee8a28.build_script_build.51e5bf83561adb31-cgu.7.rcgu.o" "/opt/rustwide/target/debug/build/num-complex-a2fb14226eee8a28/build_script_build-a2fb14226eee8a28.build_script_build.51e5bf83561adb31-cgu.8.rcgu.o" "/opt/rustwide/target/debug/build/num-complex-a2fb14226eee8a28/build_script_build-a2fb14226eee8a28.build_script_build.51e5bf83561adb31-cgu.9.rcgu.o" "/opt/rustwide/target/debug/build/num-complex-a2fb14226eee8a28/build_script_build-a2fb14226eee8a28.3ys271ccj68w7bdf.rcgu.o" "-Wl,--as-needed" "-L" "/opt/rustwide/target/debug/deps" "-L" "/opt/rustwide/rustup-home/toolchains/9610dfe5a9a731ced1ea4923ecbd0c57fe367898/lib/rustlib/x86_64-unknown-linux-gnu/lib" "-Wl,-Bstatic" "/opt/rustwide/target/debug/deps/libautocfg-f5fad247e626f148.rlib" "/opt/rustwide/rustup-home/toolchains/9610dfe5a9a731ced1ea4923ecbd0c57fe367898/lib/rustlib/x86_64-unknown-linux-gnu/lib/libstd-a8a9ba95b1228749.rlib" "/opt/rustwide/rustup-home/toolchains/9610dfe5a9a731ced1ea4923ecbd0c57fe367898/lib/rustlib/x86_64-unknown-linux-gnu/lib/libpanic_unwind-658322f66b02b1f7.rlib" "/opt/rustwide/rustup-home/toolchains/9610dfe5a9a731ced1ea4923ecbd0c57fe367898/lib/rustlib/x86_64-unknown-linux-gnu/lib/libobject-956ca946b7379eb6.rlib" "/opt/rustwide/rustup-home/toolchains/9610dfe5a9a731ced1ea4923ecbd0c57fe367898/lib/rustlib/x86_64-unknown-linux-gnu/lib/libmemchr-dd67659c95cf28db.rlib" "/opt/rustwide/rustup-home/toolchains/9610dfe5a9a731ced1ea4923ecbd0c57fe367898/lib/rustlib/x86_64-unknown-linux-gnu/lib/libaddr2line-43e984e033ffe85c.rlib" "/opt/rustwide/rustup-home/toolchains/9610dfe5a9a731ced1ea4923ecbd0c57fe367898/lib/rustlib/x86_64-unknown-linux-gnu/lib/libgimli-b33034ed520f9dde.rlib" "/opt/rustwide/rustup-home/toolchains/9610dfe5a9a731ced1ea4923ecbd0c57fe367898/lib/rustlib/x86_64-unknown-linux-gnu/lib/librustc_demangle-b682f100759c1cd5.rlib" "/opt/rustwide/rustup-home/toolchains/9610dfe5a9a731ced1ea4923ecbd0c57fe367898/lib/rustlib/x86_64-unknown-linux-gnu/lib/libstd_detect-4688e4e2de40eeae.rlib" "/opt/rustwide/rustup-home/toolchains/9610dfe5a9a731ced1ea4923ecbd0c57fe367898/lib/rustlib/x86_64-unknown-linux-gnu/lib/libhashbrown-bc98f60a979c8848.rlib" "/opt/rustwide/rustup-home/toolchains/9610dfe5a9a731ced1ea4923ecbd0c57fe367898/lib/rustlib/x86_64-unknown-linux-gnu/lib/librustc_std_workspace_alloc-f90abce6b91ba026.rlib" "/opt/rustwide/rustup-home/toolchains/9610dfe5a9a731ced1ea4923ecbd0c57fe367898/lib/rustlib/x86_64-unknown-linux-gnu/lib/libminiz_oxide-d2d517397bb596ef.rlib" "/opt/rustwide/rustup-home/toolchains/9610dfe5a9a731ced1ea4923ecbd0c57fe367898/lib/rustlib/x86_64-unknown-linux-gnu/lib/libadler-3c3cfff380065fd0.rlib" "/opt/rustwide/rustup-home/toolchains/9610dfe5a9a731ced1ea4923ecbd0c57fe367898/lib/rustlib/x86_64-unknown-linux-gnu/lib/libunwind-b4a016bd41fd2384.rlib" "/opt/rustwide/rustup-home/toolchains/9610dfe5a9a731ced1ea4923ecbd0c57fe367898/lib/rustlib/x86_64-unknown-linux-gnu/lib/libcfg_if-6b2e32ac6784fab1.rlib" "/opt/rustwide/rustup-home/toolchains/9610dfe5a9a731ced1ea4923ecbd0c57fe367898/lib/rustlib/x86_64-unknown-linux-gnu/lib/liblibc-69a45ab5967387b5.rlib" "/opt/rustwide/rustup-home/toolchains/9610dfe5a9a731ced1ea4923ecbd0c57fe367898/lib/rustlib/x86_64-unknown-linux-gnu/lib/liballoc-f366d4caf221188e.rlib" "/opt/rustwide/rustup-home/toolchains/9610dfe5a9a731ced1ea4923ecbd0c57fe367898/lib/rustlib/x86_64-unknown-linux-gnu/lib/librustc_std_workspace_core-522518611024dce5.rlib" "/opt/rustwide/rustup-home/toolchains/9610dfe5a9a731ced1ea4923ecbd0c57fe367898/lib/rustlib/x86_64-unknown-linux-gnu/lib/libcore-05898138a596088a.rlib" "/opt/rustwide/rustup-home/toolchains/9610dfe5a9a731ced1ea4923ecbd0c57fe367898/lib/rustlib/x86_64-unknown-linux-gnu/lib/libcompiler_builtins-737a1b3638f612c8.rlib" "-Wl,-Bdynamic" "-lgcc_s" "-lutil" "-lrt" "-lpthread" "-lm" "-ldl" "-lc" "-Wl,--eh-frame-hdr" "-Wl,-z,noexecstack" "-L" "/opt/rustwide/rustup-home/toolchains/9610dfe5a9a731ced1ea4923ecbd0c57fe367898/lib/rustlib/x86_64-unknown-linux-gnu/lib" "-o" "/opt/rustwide/target/debug/build/num-complex-a2fb14226eee8a28/build_script_build-a2fb14226eee8a28" "-Wl,--gc-sections" "-pie" "-Wl,-z,relro,-z,now" "-nodefaultlibs"
[INFO] [stdout]   = note: /usr/bin/ld: final link failed: No space left on device
[INFO] [stdout]           collect2: error: ld returned 1 exit status
[INFO] [stdout]           
[INFO] [stdout] 
[INFO] [stdout] 
[INFO] [stdout] error: linking with `cc` failed: exit status: 1
[INFO] [stdout]   |
[INFO] [stdout]   = note: LC_ALL="C" PATH="/opt/rustwide/rustup-home/toolchains/9610dfe5a9a731ced1ea4923ecbd0c57fe367898/lib/rustlib/x86_64-unknown-linux-gnu/bin:/opt/rustwide/cargo-home/bin:/usr/local/sbin:/usr/local/bin:/usr/sbin:/usr/bin:/sbin:/bin" VSLANG="1033" "cc" "-m64" "/tmp/rustcwVSfv6/symbols.o" "/opt/rustwide/target/debug/build/secp256k1-sys-bc0562338b13aeee/build_script_build-bc0562338b13aeee.build_script_build.9161b4b91afe348c-cgu.0.rcgu.o" "/opt/rustwide/target/debug/build/secp256k1-sys-bc0562338b13aeee/build_script_build-bc0562338b13aeee.build_script_build.9161b4b91afe348c-cgu.1.rcgu.o" "/opt/rustwide/target/debug/build/secp256k1-sys-bc0562338b13aeee/build_script_build-bc0562338b13aeee.build_script_build.9161b4b91afe348c-cgu.10.rcgu.o" "/opt/rustwide/target/debug/build/secp256k1-sys-bc0562338b13aeee/build_script_build-bc0562338b13aeee.build_script_build.9161b4b91afe348c-cgu.2.rcgu.o" "/opt/rustwide/target/debug/build/secp256k1-sys-bc0562338b13aeee/build_script_build-bc0562338b13aeee.build_script_build.9161b4b91afe348c-cgu.3.rcgu.o" "/opt/rustwide/target/debug/build/secp256k1-sys-bc0562338b13aeee/build_script_build-bc0562338b13aeee.build_script_build.9161b4b91afe348c-cgu.4.rcgu.o" "/opt/rustwide/target/debug/build/secp256k1-sys-bc0562338b13aeee/build_script_build-bc0562338b13aeee.build_script_build.9161b4b91afe348c-cgu.5.rcgu.o" "/opt/rustwide/target/debug/build/secp256k1-sys-bc0562338b13aeee/build_script_build-bc0562338b13aeee.build_script_build.9161b4b91afe348c-cgu.6.rcgu.o" "/opt/rustwide/target/debug/build/secp256k1-sys-bc0562338b13aeee/build_script_build-bc0562338b13aeee.build_script_build.9161b4b91afe348c-cgu.7.rcgu.o" "/opt/rustwide/target/debug/build/secp256k1-sys-bc0562338b13aeee/build_script_build-bc0562338b13aeee.build_script_build.9161b4b91afe348c-cgu.8.rcgu.o" "/opt/rustwide/target/debug/build/secp256k1-sys-bc0562338b13aeee/build_script_build-bc0562338b13aeee.build_script_build.9161b4b91afe348c-cgu.9.rcgu.o" "/opt/rustwide/target/debug/build/secp256k1-sys-bc0562338b13aeee/build_script_build-bc0562338b13aeee.zpil9v2bhpk3n7m.rcgu.o" "-Wl,--as-needed" "-L" "/opt/rustwide/target/debug/deps" "-L" "/opt/rustwide/rustup-home/toolchains/9610dfe5a9a731ced1ea4923ecbd0c57fe367898/lib/rustlib/x86_64-unknown-linux-gnu/lib" "-Wl,-Bstatic" "/opt/rustwide/target/debug/deps/libcc-a724ba7d837298e2.rlib" "/opt/rustwide/target/debug/deps/libjobserver-0a33e215c33c4fee.rlib" "/opt/rustwide/target/debug/deps/liblibc-da5925d6a4068a4d.rlib" "/opt/rustwide/rustup-home/toolchains/9610dfe5a9a731ced1ea4923ecbd0c57fe367898/lib/rustlib/x86_64-unknown-linux-gnu/lib/libstd-a8a9ba95b1228749.rlib" "/opt/rustwide/rustup-home/toolchains/9610dfe5a9a731ced1ea4923ecbd0c57fe367898/lib/rustlib/x86_64-unknown-linux-gnu/lib/libpanic_unwind-658322f66b02b1f7.rlib" "/opt/rustwide/rustup-home/toolchains/9610dfe5a9a731ced1ea4923ecbd0c57fe367898/lib/rustlib/x86_64-unknown-linux-gnu/lib/libobject-956ca946b7379eb6.rlib" "/opt/rustwide/rustup-home/toolchains/9610dfe5a9a731ced1ea4923ecbd0c57fe367898/lib/rustlib/x86_64-unknown-linux-gnu/lib/libmemchr-dd67659c95cf28db.rlib" "/opt/rustwide/rustup-home/toolchains/9610dfe5a9a731ced1ea4923ecbd0c57fe367898/lib/rustlib/x86_64-unknown-linux-gnu/lib/libaddr2line-43e984e033ffe85c.rlib" "/opt/rustwide/rustup-home/toolchains/9610dfe5a9a731ced1ea4923ecbd0c57fe367898/lib/rustlib/x86_64-unknown-linux-gnu/lib/libgimli-b33034ed520f9dde.rlib" "/opt/rustwide/rustup-home/toolchains/9610dfe5a9a731ced1ea4923ecbd0c57fe367898/lib/rustlib/x86_64-unknown-linux-gnu/lib/librustc_demangle-b682f100759c1cd5.rlib" "/opt/rustwide/rustup-home/toolchains/9610dfe5a9a731ced1ea4923ecbd0c57fe367898/lib/rustlib/x86_64-unknown-linux-gnu/lib/libstd_detect-4688e4e2de40eeae.rlib" "/opt/rustwide/rustup-home/toolchains/9610dfe5a9a731ced1ea4923ecbd0c57fe367898/lib/rustlib/x86_64-unknown-linux-gnu/lib/libhashbrown-bc98f60a979c8848.rlib" "/opt/rustwide/rustup-home/toolchains/9610dfe5a9a731ced1ea4923ecbd0c57fe367898/lib/rustlib/x86_64-unknown-linux-gnu/lib/librustc_std_workspace_alloc-f90abce6b91ba026.rlib" "/opt/rustwide/rustup-home/toolchains/9610dfe5a9a731ced1ea4923ecbd0c57fe367898/lib/rustlib/x86_64-unknown-linux-gnu/lib/libminiz_oxide-d2d517397bb596ef.rlib" "/opt/rustwide/rustup-home/toolchains/9610dfe5a9a731ced1ea4923ecbd0c57fe367898/lib/rustlib/x86_64-unknown-linux-gnu/lib/libadler-3c3cfff380065fd0.rlib" "/opt/rustwide/rustup-home/toolchains/9610dfe5a9a731ced1ea4923ecbd0c57fe367898/lib/rustlib/x86_64-unknown-linux-gnu/lib/libunwind-b4a016bd41fd2384.rlib" "/opt/rustwide/rustup-home/toolchains/9610dfe5a9a731ced1ea4923ecbd0c57fe367898/lib/rustlib/x86_64-unknown-linux-gnu/lib/libcfg_if-6b2e32ac6784fab1.rlib" "/opt/rustwide/rustup-home/toolchains/9610dfe5a9a731ced1ea4923ecbd0c57fe367898/lib/rustlib/x86_64-unknown-linux-gnu/lib/liblibc-69a45ab5967387b5.rlib" "/opt/rustwide/rustup-home/toolchains/9610dfe5a9a731ced1ea4923ecbd0c57fe367898/lib/rustlib/x86_64-unknown-linux-gnu/lib/liballoc-f366d4caf221188e.rlib" "/opt/rustwide/rustup-home/toolchains/9610dfe5a9a731ced1ea4923ecbd0c57fe367898/lib/rustlib/x86_64-unknown-linux-gnu/lib/librustc_std_workspace_core-522518611024dce5.rlib" "/opt/rustwide/rustup-home/toolchains/9610dfe5a9a731ced1ea4923ecbd0c57fe367898/lib/rustlib/x86_64-unknown-linux-gnu/lib/libcore-05898138a596088a.rlib" "/opt/rustwide/rustup-home/toolchains/9610dfe5a9a731ced1ea4923ecbd0c57fe367898/lib/rustlib/x86_64-unknown-linux-gnu/lib/libcompiler_builtins-737a1b3638f612c8.rlib" "-Wl,-Bdynamic" "-lgcc_s" "-lutil" "-lrt" "-lpthread" "-lm" "-ldl" "-lc" "-Wl,--eh-frame-hdr" "-Wl,-z,noexecstack" "-L" "/opt/rustwide/rustup-home/toolchains/9610dfe5a9a731ced1ea4923ecbd0c57fe367898/lib/rustlib/x86_64-unknown-linux-gnu/lib" "-o" "/opt/rustwide/target/debug/build/secp256k1-sys-bc0562338b13aeee/build_script_build-bc0562338b13aeee" "-Wl,--gc-sections" "-pie" "-Wl,-z,relro,-z,now" "-nodefaultlibs"
[INFO] [stdout]   = note: /usr/bin/ld: final link failed: No space left on device
[INFO] [stdout]           collect2: error: ld returned 1 exit status
[INFO] [stdout]           
[INFO] [stdout] 
[INFO] [stdout] 
[INFO] [stdout] error: aborting due to previous error
[INFO] [stdout] 
[INFO] [stdout] 
[INFO] [stdout] error: aborting due to previous error
[INFO] [stdout] 
[INFO] [stdout] 
[INFO] [stderr] error: could not compile `num-complex` (build script) due to 2 previous errors
[INFO] [stderr] warning: build failed, waiting for other jobs to finish...
[INFO] [stderr] error: could not compile `secp256k1-sys` (build script) due to 2 previous errors
[INFO] [stderr] thread 'rustc' panicked at 'assertion failed: pos.get() <= self.position()', compiler/rustc_metadata/src/rmeta/encoder.rs:428:9
[INFO] [stderr] error: could not parse/generate dep info at: /opt/rustwide/target/debug/build/backtrace-f20cc76ecbf8ca7d/build_script_build-f20cc76ecbf8ca7d.d
[INFO] [stderr] 
[INFO] [stderr] Caused by:
[INFO] [stderr]   failed to write `/opt/rustwide/target/debug/.fingerprint/backtrace-f20cc76ecbf8ca7d/dep-build-script-build-script-build`
[INFO] [stderr] 
[INFO] [stderr] Caused by:
[INFO] [stderr]   No space left on device (os error 28)
[INFO] [stderr] thread 'rustc' panicked at 'assertion failed: pos.get() <= self.position()', compiler/rustc_metadata/src/rmeta/encoder.rs:428:9
[INFO] [stderr] error: could not compile `num-bigint` (lib)
[INFO] [stderr] error: could not compile `syn` (lib)
[INFO] [stderr] thread 'rustc' panicked at 'assertion failed: pos.get() <= self.position()', compiler/rustc_metadata/src/rmeta/encoder.rs:428:9
[INFO] [stderr] error: could not compile `bitvec` (lib)
[INFO] running `Command { std: "docker" "inspect" "0a0cad44a44b9e163e73ecf4cb4e0b10abe834fec3a3e960f2e2c2a1c5080b40", kill_on_drop: false }`
[INFO] running `Command { std: "docker" "rm" "-f" "0a0cad44a44b9e163e73ecf4cb4e0b10abe834fec3a3e960f2e2c2a1c5080b40", kill_on_drop: false }`
[INFO] [stdout] 0a0cad44a44b9e163e73ecf4cb4e0b10abe834fec3a3e960f2e2c2a1c5080b40
